{"id":594,"date":"2024-01-19T11:50:53","date_gmt":"2024-01-19T17:50:53","guid":{"rendered":"https:\/\/dyabtiendavirtual.com\/?post_type=product&#038;p=594"},"modified":"2024-06-12T14:37:43","modified_gmt":"2024-06-12T20:37:43","slug":"__trashed","status":"publish","type":"product","link":"https:\/\/dyabtiendavirtual.com\/index.php\/producto\/__trashed\/","title":{"rendered":"CYBOR 10 EA 1 LT"},"content":{"rendered":"<p>Nombre Comercial: CYBOR 10 EA \u00ae<br \/>\nDescripci\u00f3n: Insecticida piretroide.<br \/>\nIngrediente activo: Cipermetrina (100 g de i.a\/l)<br \/>\nFamilia qu\u00edmica: Piretroide.<br \/>\nNombre qu\u00edmico: (RS)-\u03b1-ciano-3-fenoxibencil (1RS,3RS; 1RS, 3SR)-3-(2,2-diclorovinil)-<br \/>\n2,2-dimetilciclopropanocarboxilato<\/p>\n<p>Mecanismo de acci\u00f3n: La cipermetrina es un insecticida, no sist\u00e9mico, no vol\u00e1til que act\u00faa por contacto e ingesti\u00f3n. Sobre el insecto se origina una excitaci\u00f3n primaria del Sistema Nervioso Perif\u00e9rico, que hace que el insecto agite sus miembros y alas, alej\u00e1ndose del lugar de tratamiento. Luego se absorbe a trav\u00e9s del exoesqueleto, por lo cual se estimula el sistema nervioso central. Una vez ingresado el insecticida al cuerpo del insecto, provoca una par\u00e1lisis del Sistema Nervioso Central (per\u00edodo de residencia) y el insecto queda paral\u00edtico. Al no poder alimentarse, muere por inanici\u00f3n.<\/p>\n<p>Formulaci\u00f3n: Suspensi\u00f3n acuosa.<\/p>\n<p>Organismos que controla:<br \/>\nPiojo (Rhodnius prolixus)<br \/>\nChinche (Cimex lecturalius, Triatoma infestans)<br \/>\nPulga (Ctenocephalides felis)<br \/>\nMosquito (Aedes aegypti, Anopheles spp, Culex spp)<br \/>\nMosca domestica ( Musca domestica)<br \/>\nHormiga de Fara\u00f3n (Manomorium pharaonis)<br \/>\nHormiga de Fuego (Solenopsis xyloni)<br \/>\nAvispa (Vespula spp)<br \/>\nCucaracha americana (Periplaneta americana)<br \/>\nCucaracha oriental (Blatta orientalis)<br \/>\nCucaracha germanica (Blatella germanica)<br \/>\nAlacr\u00e1n (Centuroides spp)<br \/>\nTermita de madera seca (Incisitermes spp, Cryptermes spp)<br \/>\nEscarabajo de la madera (Anobium Punctatum)<br \/>\nHormiga carpintera (Camponotus spp)<br \/>\nAbeja carpintera (Xylocopa spp)<br \/>\nTermita subterr\u00e1nea (Reticulitermes spp, Coptotermes<br \/>\nformosanus spp)<\/p>\n<p>Tiempo de reentrada: 30 minutos.<\/p>\n<p>M\u00e9todo para preparar y aplicar el producto: Mezclar la dosis en la cantidad necesaria de agua y agitar hasta lograr una<br \/>\nsuspensi\u00f3n uniforme. Durante la aplicaci\u00f3n no exponga a personas, alimentos, animales dom\u00e9sticos y utensilios. Despu\u00e9s de la aplicaci\u00f3n<br \/>\naseg\u00farese de lavar el equipo usado y la ropa de trabajo. Para el control de la cucaracha alemana es recomendable hacer<br \/>\naplicaciones en grietas y hendiduras. Para aplicaciones en alacr\u00e1n aplicar la misma dosis recomendada aumentando al m\u00e1ximo permitido el volumen de agua en la misma superficie.<\/p>\n<p>Se recomienda hacer aplicaciones mensuales para mantenimiento, sin embargo, se pueden requerir aplicaciones m\u00e1s frecuentes dependiendo de la infestaci\u00f3n. En el caso de insectos rastreros se necesita tratar a fondo los escondrijos.<\/p>\n","protected":false},"excerpt":{"rendered":"<p style=\"text-align: center;\"><strong>Insecticida de amplio espectro, formulado a base de Cipermetrina, \u00e1cido b\u00f3rico y but\u00f3xido de piperonilo, la acci\u00f3n conjunta de estos ingredientes en la proporci\u00f3n correcta resultara en un tratamiento m\u00e1s completo y efectivo. El \u00e1cido b\u00f3rico estabiliza al insecticida, en este caso la Cipermetrina cuando se utiliza en aguas de baja calidad o alcalinas. El \u00e1cido b\u00f3rico es conocido por la acci\u00f3n que tiene sobre las cucarachas, eliminando el protozoario existente en su tracto digestivo, lo que ocasiona que las cucarachas no asimilen el alimento y mueran.<\/strong><\/p>\n","protected":false},"featured_media":595,"template":"","meta":[],"product_cat":[31,35],"product_tag":[],"_links":{"self":[{"href":"https:\/\/dyabtiendavirtual.com\/index.php\/wp-json\/wp\/v2\/product\/594"}],"collection":[{"href":"https:\/\/dyabtiendavirtual.com\/index.php\/wp-json\/wp\/v2\/product"}],"about":[{"href":"https:\/\/dyabtiendavirtual.com\/index.php\/wp-json\/wp\/v2\/types\/product"}],"wp:featuredmedia":[{"embeddable":true,"href":"https:\/\/dyabtiendavirtual.com\/index.php\/wp-json\/wp\/v2\/media\/595"}],"wp:attachment":[{"href":"https:\/\/dyabtiendavirtual.com\/index.php\/wp-json\/wp\/v2\/media?parent=594"}],"wp:term":[{"taxonomy":"product_cat","embeddable":true,"href":"https:\/\/dyabtiendavirtual.com\/index.php\/wp-json\/wp\/v2\/product_cat?post=594"},{"taxonomy":"product_tag","embeddable":true,"href":"https:\/\/dyabtiendavirtual.com\/index.php\/wp-json\/wp\/v2\/product_tag?post=594"}],"curies":[{"name":"wp","href":"https:\/\/api.w.org\/{rel}","templated":true}]}}